{"id":11,"date":"2024-08-14T06:31:54","date_gmt":"2024-08-14T04:31:54","guid":{"rendered":"http:\/\/wordpress2335199.home.pl\/autoinstalator\/wordpresspluslscache1\/?page_id=11"},"modified":"2025-07-06T18:14:09","modified_gmt":"2025-07-06T16:14:09","slug":"strona-glowna","status":"publish","type":"page","link":"https:\/\/oschr-warszawa.pl\/","title":{"rendered":"Strona g\u0142\u00f3wna"},"content":{"rendered":"\n<p class=\"has-text-align-center\"><\/p>\n\n\n\n<div class=\"wp-block-columns is-layout-flex wp-container-core-columns-is-layout-28f84493 wp-block-columns-is-layout-flex\">\n<div class=\"wp-block-column is-layout-flow wp-block-column-is-layout-flow\">\n<figure class=\"wp-block-image aligncenter\"><img loading=\"lazy\" decoding=\"async\" width=\"300\" height=\"225\" src=\"https:\/\/oschr-warszawa.pl\/wp-content\/uploads\/2025\/04\/logo-70_bez-tla-new2_cr-300x225.png\" alt=\"\" class=\"wp-image-301\" srcset=\"https:\/\/oschr-warszawa.pl\/wp-content\/uploads\/2025\/04\/logo-70_bez-tla-new2_cr-300x225.png 300w, https:\/\/oschr-warszawa.pl\/wp-content\/uploads\/2025\/04\/logo-70_bez-tla-new2_cr.png 1133w\" sizes=\"auto, (max-width: 300px) 100vw, 300px\" \/><\/figure>\n\n\n\n<p class=\"has-text-align-center\"><strong>Okr\u0119gowa Stacja Chemiczno-Rolnicza w Warszawie<\/strong><\/p>\n\n\n\n<p class=\"has-text-align-center\"><strong>05-075 Warszawa, ul. \u017b\u00f3\u0142kiewskiego 17<\/strong><\/p>\n\n\n\n<p class=\"has-text-align-center\"><strong>NIP: 9521941879,&nbsp; REGON: 015725326<\/strong><\/p>\n<\/div>\n<\/div>\n\n\n\n<div class=\"wp-block-columns is-layout-flex wp-container-core-columns-is-layout-28f84493 wp-block-columns-is-layout-flex\">\n<div class=\"wp-block-column is-layout-flow wp-block-column-is-layout-flow\"><\/div>\n\n\n\n<div class=\"wp-block-column is-layout-flow wp-block-column-is-layout-flow\"><\/div>\n<\/div>\n\n\n\n<div class=\"wp-block-columns is-layout-flex wp-container-core-columns-is-layout-28f84493 wp-block-columns-is-layout-flex\">\n<div class=\"wp-block-column is-layout-flow wp-block-column-is-layout-flow\">\n<h3 class=\"wp-block-heading has-text-align-center\">Zesp\u00f3\u0142 do Obs\u0142ugi Klienta<\/h3>\n\n\n\n<p class=\"has-text-align-center\">&nbsp;&nbsp; <strong>godziny przyjmowania pr\u00f3bek<\/strong><\/p>\n\n\n\n<p class=\"has-text-align-center\"><strong>&nbsp;poniedzia\u0142ek \u2013 pi\u0105tek<\/strong><\/p>\n\n\n\n<p class=\"has-text-align-center\"><strong>&nbsp; 8.00 \u2013 15.00<\/strong><\/p>\n\n\n\n<p class=\"has-text-align-center\"><strong>tel.\/fax (22) 773 58 87<\/strong><\/p>\n\n\n\n<p class=\"has-text-align-center\"><strong>607 575 495<\/strong><\/p>\n\n\n\n<p class=\"has-text-align-center\"><strong>bok.warszawa@schr.gov.pl<\/strong><\/p>\n<\/div>\n\n\n\n<div class=\"wp-block-column is-layout-flow wp-block-column-is-layout-flow\">\n<h3 class=\"wp-block-heading has-text-align-center\">Dzia\u0142 Agrochemicznej Obs\u0142ugi Rolnictwa<\/h3>\n\n\n\n<p><\/p>\n\n\n\n<p class=\"has-text-align-left\"><\/p>\n\n\n\n<h4 class=\"wp-block-heading has-text-align-center\"><strong><a href=\"https:\/\/oschr-warszawa.pl\/?page_id=9\" data-type=\"page\" data-id=\"9\">Rejon dzia\u0142ania i kontakt do pracownik\u00f3w terenowych<\/a><\/strong><\/h4>\n<\/div>\n<\/div>\n\n\n\n<p class=\"has-text-align-center\"><\/p>\n\n\n\n<p><\/p>\n","protected":false},"excerpt":{"rendered":"<p>Okr\u0119gowa Stacja Chemiczno-Rolnicza w Warszawie 05-075 Warszawa, ul. \u017b\u00f3\u0142kiewskiego 17 NIP: 9521941879,&nbsp; REGON: 015725326 Zesp\u00f3\u0142 do Obs\u0142ugi Klienta &nbsp;&nbsp; godziny przyjmowania pr\u00f3bek &nbsp;poniedzia\u0142ek \u2013 pi\u0105tek &nbsp; 8.00 \u2013 15.00 tel.\/fax (22) 773 58 87 607 575 495 bok.warszawa@schr.gov.pl Dzia\u0142 Agrochemicznej Obs\u0142ugi Rolnictwa Rejon dzia\u0142ania i kontakt do pracownik\u00f3w terenowych<\/p>\n","protected":false},"author":1,"featured_media":0,"parent":0,"menu_order":0,"comment_status":"closed","ping_status":"closed","template":"","meta":{"footnotes":""},"class_list":["post-11","page","type-page","status-publish","hentry"],"blocksy_meta":[],"_links":{"self":[{"href":"https:\/\/oschr-warszawa.pl\/index.php?rest_route=\/wp\/v2\/pages\/11","targetHints":{"allow":["GET"]}}],"collection":[{"href":"https:\/\/oschr-warszawa.pl\/index.php?rest_route=\/wp\/v2\/pages"}],"about":[{"href":"https:\/\/oschr-warszawa.pl\/index.php?rest_route=\/wp\/v2\/types\/page"}],"author":[{"embeddable":true,"href":"https:\/\/oschr-warszawa.pl\/index.php?rest_route=\/wp\/v2\/users\/1"}],"replies":[{"embeddable":true,"href":"https:\/\/oschr-warszawa.pl\/index.php?rest_route=%2Fwp%2Fv2%2Fcomments&post=11"}],"version-history":[{"count":11,"href":"https:\/\/oschr-warszawa.pl\/index.php?rest_route=\/wp\/v2\/pages\/11\/revisions"}],"predecessor-version":[{"id":337,"href":"https:\/\/oschr-warszawa.pl\/index.php?rest_route=\/wp\/v2\/pages\/11\/revisions\/337"}],"wp:attachment":[{"href":"https:\/\/oschr-warszawa.pl\/index.php?rest_route=%2Fwp%2Fv2%2Fmedia&parent=11"}],"curies":[{"name":"wp","href":"https:\/\/api.w.org\/{rel}","templated":true}]}}