{"id":9,"date":"2024-08-14T06:31:29","date_gmt":"2024-08-14T04:31:29","guid":{"rendered":"http:\/\/wordpress2335199.home.pl\/autoinstalator\/wordpresspluslscache1\/?page_id=9"},"modified":"2024-08-14T20:59:23","modified_gmt":"2024-08-14T18:59:23","slug":"rejon-dzialania-pracownicy-terenowi","status":"publish","type":"page","link":"https:\/\/oschr-warszawa.pl\/?page_id=9","title":{"rendered":"REJON DZIA\u0141ANIA, PRACOWNICY TERENOWI"},"content":{"rendered":"\n<p><\/p>\n\n\n\n<figure class=\"wp-block-image aligncenter size-large is-resized\"><img loading=\"lazy\" decoding=\"async\" width=\"1024\" height=\"761\" src=\"http:\/\/wordpress2335199.home.pl\/autoinstalator\/wordpresspluslscache1\/wp-content\/uploads\/2024\/08\/20.03.2023-mapa-rejon-dzialania-OSCHR-Warszawa-1024x761.png\" alt=\"\" class=\"wp-image-99\" style=\"width:864px;height:auto\" srcset=\"https:\/\/oschr-warszawa.pl\/wp-content\/uploads\/2024\/08\/20.03.2023-mapa-rejon-dzialania-OSCHR-Warszawa-1024x761.png 1024w, https:\/\/oschr-warszawa.pl\/wp-content\/uploads\/2024\/08\/20.03.2023-mapa-rejon-dzialania-OSCHR-Warszawa-300x223.png 300w, https:\/\/oschr-warszawa.pl\/wp-content\/uploads\/2024\/08\/20.03.2023-mapa-rejon-dzialania-OSCHR-Warszawa-768x571.png 768w, https:\/\/oschr-warszawa.pl\/wp-content\/uploads\/2024\/08\/20.03.2023-mapa-rejon-dzialania-OSCHR-Warszawa.png 1068w\" sizes=\"auto, (max-width: 1024px) 100vw, 1024px\" \/><\/figure>\n\n\n\n<p><\/p>\n\n\n<p>Joanna Gontarska\u00a0\u00a0\u00a0 607 575 486 jgontarska.oschr@gmail.com<\/p>\n<p>Nied\u017awiecki \u0141ukasz\u00a0 607 575 491 lniedzwiecki.oschr@gmail.com<\/p>\n<p>Jaworski Krzysztof\u00a0\u00a0\u00a0 607 575 492 kjaworski.oschr@gmail.com<\/p>\n<p>Szczerbicki Jan\u00a0\u00a0\u00a0\u00a0\u00a0\u00a0 \u00a0 607 575 487 jszczerbicki.oschr@gmail.com<\/p>\n<p>Czepek Piotr\u00a0\u00a0\u00a0\u00a0\u00a0\u00a0\u00a0\u00a0\u00a0\u00a0\u00a0 607 575 494 pczepek.oschr@gmail.com<\/p>\n<p>Za\u0142uski \u0141ukasz\u00a0\u00a0\u00a0\u00a0\u00a0\u00a0\u00a0\u00a0 607 575 484 lzaluski.oschr@gmail.com<\/p>\n<p>Stanowski \u0141ukasz\u00a0\u00a0\u00a0 607 575 488 lstanowski.oschr@gmail.com<\/p>\n<p>Ewiak Mariusz\u00a0\u00a0\u00a0\u00a0\u00a0\u00a0\u00a0\u00a0 607 575 493 mewiak.oschr@gmail.com<\/p>\n<p>Smela Bogdan\u00a0\u00a0\u00a0\u00a0\u00a0\u00a0\u00a0 607 575 489 bsmela.oschr@gmail.com<\/p>\n<p>Ewiak El\u017cbieta\u00a0\u00a0\u00a0\u00a0\u00a0\u00a0\u00a0 607 163 802 eewiak.oschr@gmail.com<\/p>\n\n<p>\u00a0<\/p>\n<table border=\"0\" cellspacing=\"0\" cellpadding=\"0\"><colgroup> <col width=\"104\" \/> <col width=\"111\" \/> <col width=\"167\" \/> <col width=\"155\" \/> <col width=\"170\" \/> <\/colgroup>\n<tbody>\n<tr>\n<td colspan=\"5\" width=\"707\" height=\"33\"><strong>REJON DZIA\u0141ANIA OSChR w Warszawie\u00a0<\/strong><\/td>\n<\/tr>\n<tr>\n<td height=\"24\"><strong>wojew\u00f3dztwo<\/strong><\/td>\n<td width=\"111\"><strong>powiat<\/strong><\/td>\n<td width=\"167\"><strong>\u00a0gmina<\/strong><\/td>\n<td width=\"155\"><strong>specjalista terenowy<\/strong><\/td>\n<td width=\"170\"><strong>telefon<\/strong><\/td>\n<\/tr>\n<tr>\n<td rowspan=\"177\" height=\"3717\">mazowieckie<\/td>\n<td rowspan=\"8\" width=\"111\"><strong>ciechanowski<\/strong><\/td>\n<td width=\"167\">Ciechan\u00f3w<\/td>\n<td width=\"155\">Nied\u017awiecki \u0141ukasz<\/td>\n<td width=\"170\">607 575 491<\/td>\n<\/tr>\n<tr>\n<td width=\"167\" height=\"21\">Glinojeck<\/td>\n<td width=\"155\">Joanna Gontarska<\/td>\n<td width=\"170\">607 575 486<\/td>\n<\/tr>\n<tr>\n<td width=\"167\" height=\"21\">Go\u0142ymin -O\u015brodek<\/td>\n<td rowspan=\"6\" width=\"155\">Nied\u017awiecki \u0141ukasz<\/td>\n<td rowspan=\"6\" width=\"170\">607 575 491<\/td>\n<\/tr>\n<tr>\n<td width=\"167\" height=\"21\">Grudusk<\/td>\n<\/tr>\n<tr>\n<td width=\"167\" height=\"21\">Ojrze\u0144<\/td>\n<\/tr>\n<tr>\n<td width=\"167\" height=\"21\">Opiniog\u00f3ra G\u00f3rna<\/td>\n<\/tr>\n<tr>\n<td width=\"167\" height=\"21\">Regimin<\/td>\n<\/tr>\n<tr>\n<td width=\"167\" height=\"21\">So\u0144sk<\/td>\n<\/tr>\n<tr>\n<td rowspan=\"12\" width=\"111\" height=\"252\"><strong>garwoli\u0144ski<\/strong><\/td>\n<td width=\"167\">Borowie<\/td>\n<td rowspan=\"12\" width=\"155\">Jaworski Krzysztof<\/td>\n<td rowspan=\"12\" width=\"170\">607 575 492<\/td>\n<\/tr>\n<tr>\n<td width=\"167\" height=\"21\">Garwolin<\/td>\n<\/tr>\n<tr>\n<td width=\"167\" height=\"21\">G\u00f3rzno<\/td>\n<\/tr>\n<tr>\n<td width=\"167\" height=\"21\">\u0141askarzew<\/td>\n<\/tr>\n<tr>\n<td width=\"167\" height=\"21\">Maciejowice<\/td>\n<\/tr>\n<tr>\n<td width=\"167\" height=\"21\">Miastk\u00f3w Ko\u015bcielny<\/td>\n<\/tr>\n<tr>\n<td width=\"167\" height=\"21\">Parys\u00f3w<\/td>\n<\/tr>\n<tr>\n<td width=\"167\" height=\"21\">Pilawa<\/td>\n<\/tr>\n<tr>\n<td width=\"167\" height=\"21\">Sobolew<\/td>\n<\/tr>\n<tr>\n<td width=\"167\" height=\"21\">Trojan\u00f3w<\/td>\n<\/tr>\n<tr>\n<td width=\"167\" height=\"21\">Wilga<\/td>\n<\/tr>\n<tr>\n<td width=\"167\" height=\"21\">\u017belech\u00f3w<\/td>\n<\/tr>\n<tr>\n<td rowspan=\"4\" width=\"111\" height=\"84\"><strong>gostyni\u0144ski<\/strong><\/td>\n<td width=\"167\">Gostynin<\/td>\n<td rowspan=\"7\" width=\"155\">Szczerbicki Jan<\/td>\n<td rowspan=\"7\" width=\"170\">607 575 487<\/td>\n<\/tr>\n<tr>\n<td width=\"167\" height=\"21\">Pacyna<\/td>\n<\/tr>\n<tr>\n<td width=\"167\" height=\"21\">Sanniki<\/td>\n<\/tr>\n<tr>\n<td width=\"167\" height=\"21\">Szczawin Ko\u015bcielny<\/td>\n<\/tr>\n<tr>\n<td rowspan=\"3\" width=\"111\" height=\"63\"><strong>grodziski<\/strong><\/td>\n<td width=\"167\">Grodzisk Mazowiecki<\/td>\n<\/tr>\n<tr>\n<td width=\"167\" height=\"21\">Milan\u00f3wek<\/td>\n<\/tr>\n<tr>\n<td width=\"167\" height=\"21\">Podkowa Le\u015bna<\/td>\n<\/tr>\n<tr>\n<td width=\"111\" height=\"21\"><strong>m.st. Warszawa<\/strong><\/td>\n<td width=\"167\">m. st .Warszawa<\/td>\n<td rowspan=\"6\" width=\"155\">Czepek Piotr<\/td>\n<td rowspan=\"6\" width=\"170\">607 575 494<\/td>\n<\/tr>\n<tr>\n<td rowspan=\"5\" width=\"111\" height=\"105\"><strong>legionowski<\/strong><\/td>\n<td width=\"167\">Jab\u0142onna<\/td>\n<\/tr>\n<tr>\n<td width=\"167\" height=\"21\">Legionowo<\/td>\n<\/tr>\n<tr>\n<td width=\"167\" height=\"21\">Niepor\u0119t<\/td>\n<\/tr>\n<tr>\n<td width=\"167\" height=\"21\">Serock<\/td>\n<\/tr>\n<tr>\n<td width=\"167\" height=\"21\">Wieliszew<\/td>\n<\/tr>\n<tr>\n<td width=\"111\" height=\"21\"><strong>makowski<\/strong><\/td>\n<td width=\"167\">Karniewo<\/td>\n<td width=\"155\">Nied\u017awiecki \u0141ukasz<\/td>\n<td width=\"170\">607 575 491<\/td>\n<\/tr>\n<tr>\n<td rowspan=\"12\" width=\"111\" height=\"252\"><strong>mi\u0144ski<\/strong><\/td>\n<td width=\"167\">Ceg\u0142\u00f3w<\/td>\n<td rowspan=\"12\" width=\"155\">Czepek Piotr<\/td>\n<td rowspan=\"12\" width=\"170\">607 575 494<\/td>\n<\/tr>\n<tr>\n<td width=\"167\" height=\"21\">D\u0119be Wielkie<\/td>\n<\/tr>\n<tr>\n<td width=\"167\" height=\"21\">Dobre<\/td>\n<\/tr>\n<tr>\n<td width=\"167\" height=\"21\">Halin\u00f3w<\/td>\n<\/tr>\n<tr>\n<td width=\"167\" height=\"21\">Jakub\u00f3w<\/td>\n<\/tr>\n<tr>\n<td width=\"167\" height=\"21\">Ka\u0142uszyn<\/td>\n<\/tr>\n<tr>\n<td width=\"167\" height=\"21\">Latowicz<\/td>\n<\/tr>\n<tr>\n<td width=\"167\" height=\"21\">Mi\u0144sk Mazowiecki<\/td>\n<\/tr>\n<tr>\n<td width=\"167\" height=\"21\">Mrozy<\/td>\n<\/tr>\n<tr>\n<td width=\"167\" height=\"21\">Siennica<\/td>\n<\/tr>\n<tr>\n<td width=\"167\" height=\"21\">Stanis\u0142aw\u00f3w<\/td>\n<\/tr>\n<tr>\n<td width=\"167\" height=\"21\">Sulej\u00f3wek<\/td>\n<\/tr>\n<tr>\n<td rowspan=\"10\" width=\"111\" height=\"210\"><strong>m\u0142awski<\/strong><\/td>\n<td width=\"167\">Dzierzgowo<\/td>\n<td rowspan=\"4\" width=\"155\">Za\u0142uski \u0141ukasz<\/td>\n<td rowspan=\"4\" width=\"170\">607 575 484<\/td>\n<\/tr>\n<tr>\n<td width=\"167\" height=\"21\">Lipowiec Ko\u015bcielny<\/td>\n<\/tr>\n<tr>\n<td width=\"167\" height=\"21\">M\u0142awa<\/td>\n<\/tr>\n<tr>\n<td width=\"167\" height=\"21\">Radzan\u00f3w<\/td>\n<\/tr>\n<tr>\n<td width=\"167\" height=\"21\">Strzegowo<\/td>\n<td width=\"155\">Joanna Gontarska<\/td>\n<td width=\"170\">607 575 486<\/td>\n<\/tr>\n<tr>\n<td width=\"167\" height=\"21\">Stupsk<\/td>\n<td width=\"155\">Nied\u017awiecki \u0141ukasz<\/td>\n<td width=\"170\">607 575 491<\/td>\n<\/tr>\n<tr>\n<td width=\"167\" height=\"21\">Szre\u0144sk<\/td>\n<td width=\"155\">Za\u0142uski \u0141ukasz<\/td>\n<td width=\"170\">607 575 484<\/td>\n<\/tr>\n<tr>\n<td width=\"167\" height=\"21\">Szyd\u0142owo<\/td>\n<td width=\"155\">Nied\u017awiecki \u0141ukasz<\/td>\n<td width=\"170\">607 575 491<\/td>\n<\/tr>\n<tr>\n<td width=\"167\" height=\"21\">Wieczfnia Ko\u015bcielna<\/td>\n<td rowspan=\"2\" width=\"155\">Za\u0142uski \u0141ukasz<\/td>\n<td rowspan=\"2\" width=\"170\">607 575 484<\/td>\n<\/tr>\n<tr>\n<td width=\"167\" height=\"21\">Wi\u015bniewo<\/td>\n<\/tr>\n<tr>\n<td rowspan=\"6\" width=\"111\" height=\"126\"><strong>nowodworski<\/strong><\/td>\n<td width=\"167\">Czosn\u00f3w<\/td>\n<td rowspan=\"6\" width=\"155\">Joanna Gontarska<\/td>\n<td rowspan=\"6\" width=\"170\">607 575 486<\/td>\n<\/tr>\n<tr>\n<td width=\"167\" height=\"21\">Leoncin<\/td>\n<\/tr>\n<tr>\n<td width=\"167\" height=\"21\">Nasielsk<\/td>\n<\/tr>\n<tr>\n<td width=\"167\" height=\"21\">Nowy Dw\u00f3r Mazowiecki<\/td>\n<\/tr>\n<tr>\n<td width=\"167\" height=\"21\">Pomiech\u00f3wek<\/td>\n<\/tr>\n<tr>\n<td width=\"167\" height=\"21\">Zakroczym<\/td>\n<\/tr>\n<tr>\n<td rowspan=\"8\" width=\"111\" height=\"168\"><strong>otwocki<\/strong><\/td>\n<td width=\"167\">Celestyn\u00f3w<\/td>\n<td rowspan=\"14\" width=\"155\">Jaworski Krzysztof<\/td>\n<td rowspan=\"14\" width=\"170\">607 575 492<\/td>\n<\/tr>\n<tr>\n<td width=\"167\" height=\"21\">J\u00f3zef\u00f3w<\/td>\n<\/tr>\n<tr>\n<td width=\"167\" height=\"21\">Karczew<\/td>\n<\/tr>\n<tr>\n<td width=\"167\" height=\"21\">Ko\u0142biel<\/td>\n<\/tr>\n<tr>\n<td width=\"167\" height=\"21\">Osieck<\/td>\n<\/tr>\n<tr>\n<td width=\"167\" height=\"21\">Otwock<\/td>\n<\/tr>\n<tr>\n<td width=\"167\" height=\"21\">Sobienie Jeziory<\/td>\n<\/tr>\n<tr>\n<td width=\"167\" height=\"21\">Wi\u0105zowna<\/td>\n<\/tr>\n<tr>\n<td rowspan=\"6\" width=\"111\" height=\"126\"><strong>piaseczy\u0144ski<\/strong><\/td>\n<td width=\"167\">G\u00f3ra Kalwaria<\/td>\n<\/tr>\n<tr>\n<td width=\"167\" height=\"21\">Konstancin-Jeziorna<\/td>\n<\/tr>\n<tr>\n<td width=\"167\" height=\"21\">Lesznowola<\/td>\n<\/tr>\n<tr>\n<td width=\"167\" height=\"21\">Piaseczno<\/td>\n<\/tr>\n<tr>\n<td width=\"167\" height=\"21\">Pra\u017cm\u00f3w<\/td>\n<\/tr>\n<tr>\n<td width=\"167\" height=\"21\">Tarczyn<\/td>\n<\/tr>\n<tr>\n<td rowspan=\"16\" width=\"111\" height=\"336\"><strong>p\u0142ocki<\/strong><\/td>\n<td width=\"167\">Bielsk<\/td>\n<td rowspan=\"5\" width=\"155\">Stanowski \u0141ukasz<\/td>\n<td rowspan=\"5\" width=\"170\">607 575 488<\/td>\n<\/tr>\n<tr>\n<td width=\"167\" height=\"21\">Bodzan\u00f3w<\/td>\n<\/tr>\n<tr>\n<td width=\"167\" height=\"21\">Brudze\u0144 Du\u017cy<\/td>\n<\/tr>\n<tr>\n<td width=\"167\" height=\"21\">Bulkowo<\/td>\n<\/tr>\n<tr>\n<td width=\"167\" height=\"21\">Drobin<\/td>\n<\/tr>\n<tr>\n<td width=\"167\" height=\"21\">G\u0105bin<\/td>\n<td rowspan=\"2\" width=\"155\">Szczerbicki Jan<\/td>\n<td rowspan=\"2\" width=\"170\">607 575 487<\/td>\n<\/tr>\n<tr>\n<td width=\"167\" height=\"21\">\u0141\u0105ck<\/td>\n<\/tr>\n<tr>\n<td width=\"167\" height=\"21\">Ma\u0142a Wie\u015b<\/td>\n<td width=\"155\">Stanowski \u0141ukasz<\/td>\n<td width=\"170\">607 575 488<\/td>\n<\/tr>\n<tr>\n<td width=\"167\" height=\"21\">Nowy Dunin\u00f3w<\/td>\n<td width=\"155\">Szczerbicki Jan<\/td>\n<td width=\"170\">607 575 487<\/td>\n<\/tr>\n<tr>\n<td width=\"167\" height=\"21\">m. P\u0142ock<\/td>\n<td rowspan=\"2\" width=\"155\">Stanowski \u0141ukasz<\/td>\n<td rowspan=\"2\" width=\"170\">607 575 488<\/td>\n<\/tr>\n<tr>\n<td width=\"167\" height=\"21\">Radzanowo<\/td>\n<\/tr>\n<tr>\n<td width=\"167\" height=\"21\">S\u0142ubice<\/td>\n<td width=\"155\">Szczerbicki Jan<\/td>\n<td width=\"170\">607 575 487<\/td>\n<\/tr>\n<tr>\n<td width=\"167\" height=\"21\">S\u0142upno<\/td>\n<td rowspan=\"4\" width=\"155\">Stanowski \u0141ukasz<\/td>\n<td rowspan=\"4\" width=\"170\">607 575 488<\/td>\n<\/tr>\n<tr>\n<td width=\"167\" height=\"21\">Stara Bia\u0142a<\/td>\n<\/tr>\n<tr>\n<td width=\"167\" height=\"21\">Staro\u017areby<\/td>\n<\/tr>\n<tr>\n<td width=\"167\" height=\"21\">Wyszogr\u00f3d<\/td>\n<\/tr>\n<tr>\n<td rowspan=\"11\" width=\"111\" height=\"231\"><strong>p\u0142o\u0144ski<\/strong><\/td>\n<td width=\"167\">Baboszewo<\/td>\n<td rowspan=\"11\" width=\"155\">Joanna Gontarska<\/td>\n<td rowspan=\"11\" width=\"170\">607 575 486<\/td>\n<\/tr>\n<tr>\n<td width=\"167\" height=\"21\">Czerwi\u0144sk nad Wis\u0142\u0105<\/td>\n<\/tr>\n<tr>\n<td width=\"167\" height=\"21\">Dzierz\u0105\u017cnia<\/td>\n<\/tr>\n<tr>\n<td width=\"167\" height=\"21\">Joniec<\/td>\n<\/tr>\n<tr>\n<td width=\"167\" height=\"21\">Naruszewo<\/td>\n<\/tr>\n<tr>\n<td width=\"167\" height=\"21\">Nowe Miasto<\/td>\n<\/tr>\n<tr>\n<td width=\"167\" height=\"21\">P\u0142o\u0144sk<\/td>\n<\/tr>\n<tr>\n<td width=\"167\" height=\"21\">Raci\u0105\u017c<\/td>\n<\/tr>\n<tr>\n<td width=\"167\" height=\"21\">Raci\u0105\u017c<\/td>\n<\/tr>\n<tr>\n<td width=\"167\" height=\"21\">Sochocin<\/td>\n<\/tr>\n<tr>\n<td width=\"167\" height=\"21\">Za\u0142uski<\/td>\n<\/tr>\n<tr>\n<td rowspan=\"6\" width=\"111\" height=\"126\"><strong>pruszkowski<\/strong><\/td>\n<td width=\"167\">Brwin\u00f3w<\/td>\n<td rowspan=\"6\" width=\"155\">Szczerbicki Jan<\/td>\n<td rowspan=\"6\" width=\"170\">607 575 487<\/td>\n<\/tr>\n<tr>\n<td width=\"167\" height=\"21\">Micha\u0142owice<\/td>\n<\/tr>\n<tr>\n<td width=\"167\" height=\"21\">Nadarzyn<\/td>\n<\/tr>\n<tr>\n<td width=\"167\" height=\"21\">Piast\u00f3w<\/td>\n<\/tr>\n<tr>\n<td width=\"167\" height=\"21\">Pruszk\u00f3w<\/td>\n<\/tr>\n<tr>\n<td width=\"167\" height=\"21\">Raszyn<\/td>\n<\/tr>\n<tr>\n<td rowspan=\"2\" width=\"111\" height=\"42\"><strong>przasnyski<\/strong><\/td>\n<td width=\"167\">Czernice Borowe<\/td>\n<td width=\"155\">Za\u0142uski \u0141ukasz<\/td>\n<td width=\"170\">607 575 484<\/td>\n<\/tr>\n<tr>\n<td width=\"167\" height=\"21\">Krasne<\/td>\n<td rowspan=\"6\" width=\"155\">Nied\u017awiecki \u0141ukasz<\/td>\n<td rowspan=\"6\" width=\"170\">607 575 491<\/td>\n<\/tr>\n<tr>\n<td rowspan=\"5\" width=\"111\" height=\"105\"><strong>pu\u0142tuski<\/strong><\/td>\n<td width=\"167\">Gzy<\/td>\n<\/tr>\n<tr>\n<td width=\"167\" height=\"21\">Pokrzywnica<\/td>\n<\/tr>\n<tr>\n<td width=\"167\" height=\"21\">Pu\u0142tusk<\/td>\n<\/tr>\n<tr>\n<td width=\"167\" height=\"21\">\u015awiercze<\/td>\n<\/tr>\n<tr>\n<td width=\"167\" height=\"21\">Winnica<\/td>\n<\/tr>\n<tr>\n<td rowspan=\"14\" width=\"111\" height=\"294\"><strong>siedlecki<\/strong><\/td>\n<td width=\"167\">Domanice<\/td>\n<td rowspan=\"14\" width=\"155\">Mariusz Ewiak<\/td>\n<td rowspan=\"14\" width=\"170\">607 575 495<\/td>\n<\/tr>\n<tr>\n<td width=\"167\" height=\"21\">Korczew<\/td>\n<\/tr>\n<tr>\n<td width=\"167\" height=\"21\">Kotu\u0144<\/td>\n<\/tr>\n<tr>\n<td width=\"167\" height=\"21\">Mokobody<\/td>\n<\/tr>\n<tr>\n<td width=\"167\" height=\"21\">Mordy<\/td>\n<\/tr>\n<tr>\n<td width=\"167\" height=\"21\">Paprotnia<\/td>\n<\/tr>\n<tr>\n<td width=\"167\" height=\"21\">Przesmyki<\/td>\n<\/tr>\n<tr>\n<td width=\"167\" height=\"21\">m.Siedlce<\/td>\n<\/tr>\n<tr>\n<td width=\"167\" height=\"21\">Siedlce<\/td>\n<\/tr>\n<tr>\n<td width=\"167\" height=\"21\">Sk\u00f3rzec<\/td>\n<\/tr>\n<tr>\n<td width=\"167\" height=\"21\">Sucho\u017cebry<\/td>\n<\/tr>\n<tr>\n<td width=\"167\" height=\"21\">Wi\u015bniew<\/td>\n<\/tr>\n<tr>\n<td width=\"167\" height=\"21\">Wodynie<\/td>\n<\/tr>\n<tr>\n<td width=\"167\" height=\"21\">Zbuczyn<\/td>\n<\/tr>\n<tr>\n<td rowspan=\"6\" width=\"111\" height=\"126\"><strong>sierpecki<\/strong><\/td>\n<td width=\"167\">Sierpc<\/td>\n<td rowspan=\"6\" width=\"155\">Stanowski \u0141ukasz<\/td>\n<td rowspan=\"6\" width=\"170\">607 575 488<\/td>\n<\/tr>\n<tr>\n<td width=\"167\" height=\"21\">Gozdowo<\/td>\n<\/tr>\n<tr>\n<td width=\"167\" height=\"21\">Mochowo<\/td>\n<\/tr>\n<tr>\n<td width=\"167\" height=\"21\">Ro\u015bciszewo<\/td>\n<\/tr>\n<tr>\n<td width=\"167\" height=\"21\">Szczutowo<\/td>\n<\/tr>\n<tr>\n<td width=\"167\" height=\"21\">Zawidz<\/td>\n<\/tr>\n<tr>\n<td rowspan=\"2\" width=\"111\" height=\"42\"><strong>sochaczewski<\/strong><\/td>\n<td width=\"167\">Broch\u00f3w<\/td>\n<td rowspan=\"2\" width=\"155\">Szczerbicki Jan<\/td>\n<td rowspan=\"2\" width=\"170\">607 575 487<\/td>\n<\/tr>\n<tr>\n<td width=\"167\" height=\"21\">I\u0142\u00f3w<\/td>\n<\/tr>\n<tr>\n<td rowspan=\"8\" width=\"111\" height=\"168\"><strong>soko\u0142owski<\/strong><\/td>\n<td width=\"167\">Bielany<\/td>\n<td rowspan=\"8\" width=\"155\">Ewiak El\u017cbieta<\/td>\n<td rowspan=\"8\" width=\"170\">607 163 802<\/td>\n<\/tr>\n<tr>\n<td width=\"167\" height=\"21\">Ceran\u00f3w<\/td>\n<\/tr>\n<tr>\n<td width=\"167\" height=\"21\">Jab\u0142onna Lacki<\/td>\n<\/tr>\n<tr>\n<td width=\"167\" height=\"21\">Kos\u00f3w Lacki<\/td>\n<\/tr>\n<tr>\n<td width=\"167\" height=\"21\">Repki<\/td>\n<\/tr>\n<tr>\n<td width=\"167\" height=\"21\">Sabnie<\/td>\n<\/tr>\n<tr>\n<td width=\"167\" height=\"21\">Soko\u0142\u00f3w Podlaski<\/td>\n<\/tr>\n<tr>\n<td width=\"167\" height=\"21\">Sterdy\u0144<\/td>\n<\/tr>\n<tr>\n<td rowspan=\"7\" width=\"111\" height=\"147\"><strong>warszawski-zachodni<\/strong><\/td>\n<td width=\"167\">B\u0142onie<\/td>\n<td rowspan=\"7\" width=\"155\">Szczerbicki Jan<\/td>\n<td rowspan=\"7\" width=\"170\">607 575 487<\/td>\n<\/tr>\n<tr>\n<td width=\"167\" height=\"21\">Izabelin<\/td>\n<\/tr>\n<tr>\n<td width=\"167\" height=\"21\">Kampinos<\/td>\n<\/tr>\n<tr>\n<td width=\"167\" height=\"21\">Leszno<\/td>\n<\/tr>\n<tr>\n<td width=\"167\" height=\"21\">\u0141omianki<\/td>\n<\/tr>\n<tr>\n<td width=\"167\" height=\"21\">O\u017car\u00f3w Mazowiecki<\/td>\n<\/tr>\n<tr>\n<td width=\"167\" height=\"21\">Stare Babice<\/td>\n<\/tr>\n<tr>\n<td rowspan=\"9\" width=\"111\" height=\"189\"><strong>w\u0119growski<\/strong><\/td>\n<td width=\"167\">Gr\u0119bk\u00f3w<\/td>\n<td rowspan=\"4\" width=\"155\">Ewiak El\u017cbieta<\/td>\n<td rowspan=\"9\" width=\"170\">607 163 802<\/td>\n<\/tr>\n<tr>\n<td width=\"167\" height=\"21\">Miedzna<\/td>\n<\/tr>\n<tr>\n<td width=\"167\" height=\"21\">Liw<\/td>\n<\/tr>\n<tr>\n<td width=\"167\" height=\"21\">W\u0119gr\u00f3w<\/td>\n<\/tr>\n<tr>\n<td width=\"167\" height=\"21\">Korytnica<\/td>\n<td rowspan=\"5\" width=\"155\">Czepek Piotr<\/td>\n<\/tr>\n<tr>\n<td width=\"167\" height=\"21\">Sadowwne<\/td>\n<\/tr>\n<tr>\n<td width=\"167\" height=\"21\">Stoczek<\/td>\n<\/tr>\n<tr>\n<td width=\"167\" height=\"21\">W\u0119gr\u00f3w<\/td>\n<\/tr>\n<tr>\n<td width=\"167\" height=\"21\">Wierzbno<\/td>\n<\/tr>\n<tr>\n<td rowspan=\"9\" width=\"111\" height=\"189\"><strong>wo\u0142omi\u0144ski<\/strong><\/td>\n<td width=\"167\">Jad\u00f3w<\/td>\n<td rowspan=\"9\" width=\"155\">Czepek Piotr<\/td>\n<td rowspan=\"9\" width=\"170\">607 575 494<\/td>\n<\/tr>\n<tr>\n<td width=\"167\" height=\"21\">Koby\u0142ka<\/td>\n<\/tr>\n<tr>\n<td width=\"167\" height=\"21\">Marki<\/td>\n<\/tr>\n<tr>\n<td width=\"167\" height=\"21\">Po\u015bwi\u0119tne<\/td>\n<\/tr>\n<tr>\n<td width=\"167\" height=\"21\">Radzymin<\/td>\n<\/tr>\n<tr>\n<td width=\"167\" height=\"21\">Stach\u00f3wka<\/td>\n<\/tr>\n<tr>\n<td width=\"167\" height=\"21\">Wo\u0142omin<\/td>\n<\/tr>\n<tr>\n<td width=\"167\" height=\"21\">Z\u0105bki<\/td>\n<\/tr>\n<tr>\n<td width=\"167\" height=\"21\">Zielonka<\/td>\n<\/tr>\n<tr>\n<td rowspan=\"6\" width=\"111\" height=\"126\"><strong>\u017curomi\u0144ski<\/strong><\/td>\n<td width=\"167\">Bie\u017cu\u0144<\/td>\n<td rowspan=\"6\" width=\"155\">Za\u0142uski \u0141ukasz<\/td>\n<td rowspan=\"6\" width=\"170\">607 575 484<\/td>\n<\/tr>\n<tr>\n<td width=\"167\" height=\"21\">Kuczbork -Osada<\/td>\n<\/tr>\n<tr>\n<td width=\"167\" height=\"21\">Lubowidz<\/td>\n<\/tr>\n<tr>\n<td width=\"167\" height=\"21\">Lutocin<\/td>\n<\/tr>\n<tr>\n<td width=\"167\" height=\"21\">Siemi\u0105tkowo Koziebrodzkie<\/td>\n<\/tr>\n<tr>\n<td width=\"167\" height=\"21\">\u017buromin<\/td>\n<\/tr>\n<tr>\n<td rowspan=\"11\" width=\"104\" height=\"231\">lubelskie<\/td>\n<td rowspan=\"10\" width=\"111\"><strong>\u0142ukowski<\/strong><\/td>\n<td width=\"167\">Adam\u00f3w<\/td>\n<td rowspan=\"10\" width=\"155\">Mariusz Ewiak<\/td>\n<td rowspan=\"10\" width=\"170\">607 575 495<\/td>\n<\/tr>\n<tr>\n<td width=\"167\" height=\"21\">Krzywda<\/td>\n<\/tr>\n<tr>\n<td width=\"167\" height=\"21\">\u0141uk\u00f3w<\/td>\n<\/tr>\n<tr>\n<td width=\"167\" height=\"21\">Serokomla<\/td>\n<\/tr>\n<tr>\n<td width=\"167\" height=\"21\">Stanin<\/td>\n<\/tr>\n<tr>\n<td width=\"167\" height=\"21\">Stoczek \u0141ukowski<\/td>\n<\/tr>\n<tr>\n<td width=\"167\" height=\"21\">Stoczek \u0141ukowski<\/td>\n<\/tr>\n<tr>\n<td width=\"167\" height=\"21\">Trzebiesz\u00f3w<\/td>\n<\/tr>\n<tr>\n<td width=\"167\" height=\"21\">Wojcieszk\u00f3w<\/td>\n<\/tr>\n<tr>\n<td width=\"167\" height=\"21\">Wola Mys\u0142owska<\/td>\n<\/tr>\n<tr>\n<td width=\"111\" height=\"21\"><strong>rycki<\/strong><\/td>\n<td width=\"167\">K\u0142oczew<\/td>\n<td width=\"155\">Jaworski Krzysztof<\/td>\n<td width=\"170\">607 575 492<\/td>\n<\/tr>\n<tr>\n<td rowspan=\"16\" width=\"104\" height=\"336\">\u0142\u00f3dzkie<\/td>\n<td rowspan=\"10\" width=\"111\"><strong>kutnowski<\/strong><\/td>\n<td width=\"167\">Bedlno<\/td>\n<td rowspan=\"5\" width=\"155\">Smela Bogdan<\/td>\n<td rowspan=\"5\" width=\"170\">607 575 489<\/td>\n<\/tr>\n<tr>\n<td width=\"167\" height=\"21\">D\u0105browice<\/td>\n<\/tr>\n<tr>\n<td width=\"167\" height=\"21\">Kro\u015bniewice<\/td>\n<\/tr>\n<tr>\n<td width=\"167\" height=\"21\">Krzy\u017can\u00f3w<\/td>\n<\/tr>\n<tr>\n<td width=\"167\" height=\"21\">Kutno<\/td>\n<\/tr>\n<tr>\n<td width=\"167\" height=\"21\">\u0141ani\u0119ta<\/td>\n<td width=\"155\">Szczerbicki Jan<\/td>\n<td width=\"170\">607 575 487<\/td>\n<\/tr>\n<tr>\n<td width=\"167\" height=\"21\">Nowe Ostrowy<\/td>\n<td width=\"155\">Smela Bogdan<\/td>\n<td width=\"170\">607 575 489<\/td>\n<\/tr>\n<tr>\n<td width=\"167\" height=\"21\">Opor\u00f3w<\/td>\n<td rowspan=\"2\" width=\"155\">Szczerbicki Jan<\/td>\n<td rowspan=\"2\" width=\"170\">607 575 487<\/td>\n<\/tr>\n<tr>\n<td width=\"167\" height=\"21\">Strzelce<\/td>\n<\/tr>\n<tr>\n<td width=\"167\" height=\"21\">\u017bychlin<\/td>\n<td rowspan=\"6\" width=\"155\">Smela Bogdan<\/td>\n<td rowspan=\"6\" width=\"170\">607 575 489<\/td>\n<\/tr>\n<tr>\n<td rowspan=\"5\" width=\"111\" height=\"105\"><strong>\u0142\u0119czycki<\/strong><\/td>\n<td width=\"167\">Daszyna<\/td>\n<\/tr>\n<tr>\n<td width=\"167\" height=\"21\">G\u00f3ra \u015bwi\u0119tej Ma\u0142gorzaty<\/td>\n<\/tr>\n<tr>\n<td width=\"167\" height=\"21\">\u0141\u0119czyca<\/td>\n<\/tr>\n<tr>\n<td width=\"167\" height=\"21\">Pi\u0105tek<\/td>\n<\/tr>\n<tr>\n<td width=\"167\" height=\"21\">Witonia<\/td>\n<\/tr>\n<tr>\n<td width=\"111\" height=\"21\"><strong>\u0142owicki<\/strong><\/td>\n<td width=\"167\">Kiernozia<\/td>\n<td width=\"155\">Szczerbicki Jan<\/td>\n<td width=\"170\">607 575 487<\/td>\n<\/tr>\n<tr>\n<td rowspan=\"5\" width=\"104\" height=\"105\">warmi\u0144sko-mazurskie<\/td>\n<td rowspan=\"5\" width=\"111\"><strong>dzia\u0142dowski<\/strong><\/td>\n<td width=\"167\">Dzia\u0142dowo<\/td>\n<td rowspan=\"5\" width=\"155\">Za\u0142uski \u0141ukasz<\/td>\n<td rowspan=\"5\" width=\"170\">607 575 484<\/td>\n<\/tr>\n<tr>\n<td width=\"167\" height=\"21\">I\u0142awa-Osada<\/td>\n<\/tr>\n<tr>\n<td width=\"167\" height=\"21\">Lidzbark<\/td>\n<\/tr>\n<tr>\n<td width=\"167\" height=\"21\">P\u0142o\u015bnica<\/td>\n<\/tr>\n<tr>\n<td width=\"167\" height=\"21\">Rybno<\/td>\n<\/tr>\n<\/tbody>\n<\/table>\n\n\n<p><\/p>\n","protected":false},"excerpt":{"rendered":"<p>Joanna Gontarska\u00a0\u00a0\u00a0 607 575 486 jgontarska.oschr@gmail.com Nied\u017awiecki \u0141ukasz\u00a0 607 575 491 lniedzwiecki.oschr@gmail.com Jaworski Krzysztof\u00a0\u00a0\u00a0 607 575 492 kjaworski.oschr@gmail.com Szczerbicki Jan\u00a0\u00a0\u00a0\u00a0\u00a0\u00a0 \u00a0 607 575 487 jszczerbicki.oschr@gmail.com Czepek Piotr\u00a0\u00a0\u00a0\u00a0\u00a0\u00a0\u00a0\u00a0\u00a0\u00a0\u00a0 607 575 494 pczepek.oschr@gmail.com Za\u0142uski \u0141ukasz\u00a0\u00a0\u00a0\u00a0\u00a0\u00a0\u00a0\u00a0 607 575 484 lzaluski.oschr@gmail.com Stanowski \u0141ukasz\u00a0\u00a0\u00a0 607 575 488 lstanowski.oschr@gmail.com Ewiak Mariusz\u00a0\u00a0\u00a0\u00a0\u00a0\u00a0\u00a0\u00a0 607 575 493 mewiak.oschr@gmail.com Smela Bogdan\u00a0\u00a0\u00a0\u00a0\u00a0\u00a0\u00a0 607 575 489 bsmela.oschr@gmail.com [&hellip;]<\/p>\n","protected":false},"author":1,"featured_media":0,"parent":6,"menu_order":0,"comment_status":"closed","ping_status":"closed","template":"","meta":{"footnotes":""},"class_list":["post-9","page","type-page","status-publish","hentry"],"blocksy_meta":[],"_links":{"self":[{"href":"https:\/\/oschr-warszawa.pl\/index.php?rest_route=\/wp\/v2\/pages\/9","targetHints":{"allow":["GET"]}}],"collection":[{"href":"https:\/\/oschr-warszawa.pl\/index.php?rest_route=\/wp\/v2\/pages"}],"about":[{"href":"https:\/\/oschr-warszawa.pl\/index.php?rest_route=\/wp\/v2\/types\/page"}],"author":[{"embeddable":true,"href":"https:\/\/oschr-warszawa.pl\/index.php?rest_route=\/wp\/v2\/users\/1"}],"replies":[{"embeddable":true,"href":"https:\/\/oschr-warszawa.pl\/index.php?rest_route=%2Fwp%2Fv2%2Fcomments&post=9"}],"version-history":[{"count":5,"href":"https:\/\/oschr-warszawa.pl\/index.php?rest_route=\/wp\/v2\/pages\/9\/revisions"}],"predecessor-version":[{"id":184,"href":"https:\/\/oschr-warszawa.pl\/index.php?rest_route=\/wp\/v2\/pages\/9\/revisions\/184"}],"up":[{"embeddable":true,"href":"https:\/\/oschr-warszawa.pl\/index.php?rest_route=\/wp\/v2\/pages\/6"}],"wp:attachment":[{"href":"https:\/\/oschr-warszawa.pl\/index.php?rest_route=%2Fwp%2Fv2%2Fmedia&parent=9"}],"curies":[{"name":"wp","href":"https:\/\/api.w.org\/{rel}","templated":true}]}}